{"id":1108,"date":"2017-12-10T13:14:44","date_gmt":"2017-12-10T12:14:44","guid":{"rendered":"http:\/\/kine-sport-namur.be\/?page_id=1108"},"modified":"2018-01-06T16:07:35","modified_gmt":"2018-01-06T15:07:35","slug":"kinesiotape","status":"publish","type":"page","link":"https:\/\/kine-sport-namur.be\/?page_id=1108","title":{"rendered":"Kin\u00e9siotape"},"content":{"rendered":"<h3><strong>Kin\u00e9siotape<\/strong><\/h3>\n<div align=\"center\"><a href=\"http:\/\/kine-sport-namur.be\/wp-content\/uploads\/2018\/01\/kiniesotape-petit.jpg\" target=\"_blank\" rel=\"noopener\"><img loading=\"lazy\" class=\"alignnone wp-image-1253 size-medium\" title=\"Kin\u00e9 Sport Namur, pose de Kin\u00e9siotape\" src=\"http:\/\/kine-sport-namur.be\/wp-content\/uploads\/2018\/01\/kiniesotape-petit-300x225.jpg\" alt=\"Kin\u00e9 Sport Namur, pose de Kin\u00e9siotape\" width=\"300\" height=\"225\" srcset=\"https:\/\/kine-sport-namur.be\/wp-content\/uploads\/2018\/01\/kiniesotape-petit-300x225.jpg 300w, https:\/\/kine-sport-namur.be\/wp-content\/uploads\/2018\/01\/kiniesotape-petit-768x576.jpg 768w, https:\/\/kine-sport-namur.be\/wp-content\/uploads\/2018\/01\/kiniesotape-petit-418x314.jpg 418w, https:\/\/kine-sport-namur.be\/wp-content\/uploads\/2018\/01\/kiniesotape-petit-650x490.jpg 650w, https:\/\/kine-sport-namur.be\/wp-content\/uploads\/2018\/01\/kiniesotape-petit-301x226.jpg 301w, https:\/\/kine-sport-namur.be\/wp-content\/uploads\/2018\/01\/kiniesotape-petit-480x362.jpg 480w, https:\/\/kine-sport-namur.be\/wp-content\/uploads\/2018\/01\/kiniesotape-petit.jpg 800w\" sizes=\"(max-width: 300px) 100vw, 300px\" \/><\/a>\u00a0 \u00a0 \u00a0 \u00a0 \u00a0 \u00a0 \u00a0 \u00a0 \u00a0 \u00a0\u00a0<a href=\"http:\/\/kine-sport-namur.be\/wp-content\/uploads\/2018\/01\/kiniesotape-petit-Kinesportnamur.jpg\" target=\"_blank\" rel=\"noopener\"><img loading=\"lazy\" class=\"alignnone wp-image-1254\" title=\"Kin\u00e9 Sport Namur, pose de Kin\u00e9siotape\" src=\"http:\/\/kine-sport-namur.be\/wp-content\/uploads\/2018\/01\/kiniesotape-petit-Kinesportnamur-225x300.jpg\" alt=\"Kin\u00e9 Sport Namur, pose de Kin\u00e9siotape\" width=\"169\" height=\"225\" srcset=\"https:\/\/kine-sport-namur.be\/wp-content\/uploads\/2018\/01\/kiniesotape-petit-Kinesportnamur-225x300.jpg 225w, https:\/\/kine-sport-namur.be\/wp-content\/uploads\/2018\/01\/kiniesotape-petit-Kinesportnamur-418x557.jpg 418w, https:\/\/kine-sport-namur.be\/wp-content\/uploads\/2018\/01\/kiniesotape-petit-Kinesportnamur.jpg 600w\" sizes=\"(max-width: 169px) 100vw, 169px\" \/><\/a>\u00a0 \u00a0 \u00a0 \u00a0 \u00a0 \u00a0 \u00a0 \u00a0 \u00a0 \u00a0\u00a0<a href=\"http:\/\/kine-sport-namur.be\/wp-content\/uploads\/2018\/01\/kiniesotape-petit-Kine-sport-namur.jpg\" target=\"_blank\" rel=\"noopener\"><img loading=\"lazy\" class=\"alignnone wp-image-1255 size-medium\" title=\"Kin\u00e9 Sport Namur, pose de Kin\u00e9siotape\" src=\"http:\/\/kine-sport-namur.be\/wp-content\/uploads\/2018\/01\/kiniesotape-petit-Kine-sport-namur-300x225.jpg\" alt=\"Kin\u00e9 Sport Namur, pose de Kin\u00e9siotape\" width=\"300\" height=\"225\" srcset=\"https:\/\/kine-sport-namur.be\/wp-content\/uploads\/2018\/01\/kiniesotape-petit-Kine-sport-namur-300x225.jpg 300w, https:\/\/kine-sport-namur.be\/wp-content\/uploads\/2018\/01\/kiniesotape-petit-Kine-sport-namur-768x576.jpg 768w, https:\/\/kine-sport-namur.be\/wp-content\/uploads\/2018\/01\/kiniesotape-petit-Kine-sport-namur-418x314.jpg 418w, https:\/\/kine-sport-namur.be\/wp-content\/uploads\/2018\/01\/kiniesotape-petit-Kine-sport-namur-650x490.jpg 650w, https:\/\/kine-sport-namur.be\/wp-content\/uploads\/2018\/01\/kiniesotape-petit-Kine-sport-namur-301x226.jpg 301w, https:\/\/kine-sport-namur.be\/wp-content\/uploads\/2018\/01\/kiniesotape-petit-Kine-sport-namur-480x362.jpg 480w, https:\/\/kine-sport-namur.be\/wp-content\/uploads\/2018\/01\/kiniesotape-petit-Kine-sport-namur.jpg 800w\" sizes=\"(max-width: 300px) 100vw, 300px\" \/><\/a><\/div>\n<p>Le kin\u00e9siotape est une technique en plein essor, compl\u00e9mentaire \u00e0 la r\u00e9\u00e9ducation et dont le but est de prolonger l\u2019action th\u00e9rapeutique au-del\u00e0 de la prise en charge.<\/p>\n<p>Ces bandes color\u00e9es, v\u00e9ritables stimulants ext\u00e9roceptifs, provoquent une normalisation physiologique du corps en lui laissant une totale libert\u00e9 de mouvement.<\/p>\n<p>Elles permettent une auto gu\u00e9rison de la r\u00e9gion trait\u00e9e en agissant \u00e0 diff\u00e9rents niveaux en fonction dont elles sont pos\u00e9es. Elles peuvent permettent une activation de la circulation, un soulagement de la douleur, une am\u00e9lioration de la fonction musculaire ou un entretien de la fonction articulaire.<br \/>\nLors de pathologies comme d\u00e9chirure musculaire, \u00e9longation ou contracture musculaire, ces bandes permettent aux muscles l\u00e9s\u00e9s de moins travailler et \u00e9vite \u00e0 ses muscles d\u2019aller dans des amplitudes extr\u00eames qui pourraient provoquer des r\u00e9cidives.<\/p>\n<p>On induit donc des effets positifs aux niveaux nerveux, musculaire, circulatoire, lymphatique etc\u2026<\/p>\n<p>\u00ab\u00a0Le Kin\u00e9siotape prolonge, en quelque sorte, l\u2019action de la main du th\u00e9rapeute\u00a0\u00bb<\/p>\n<p>&nbsp;<\/p>\n<p><a href=\"http:\/\/kine-sport-namur.be\/wp-content\/uploads\/2018\/01\/Kinesiotape_grand.jpg\" target=\"_blank\" rel=\"noopener\"><img loading=\"lazy\" class=\"aligncenter wp-image-1259 size-full\" title=\"Kin\u00e9 Sport Namur, pose de Kin\u00e9siotape\" src=\"http:\/\/kine-sport-namur.be\/wp-content\/uploads\/2018\/01\/Kinesiotape_grand.jpg\" alt=\"Kin\u00e9 Sport Namur, pose de Kin\u00e9siotape\" width=\"1355\" height=\"400\" srcset=\"https:\/\/kine-sport-namur.be\/wp-content\/uploads\/2018\/01\/Kinesiotape_grand.jpg 1355w, https:\/\/kine-sport-namur.be\/wp-content\/uploads\/2018\/01\/Kinesiotape_grand-300x89.jpg 300w, https:\/\/kine-sport-namur.be\/wp-content\/uploads\/2018\/01\/Kinesiotape_grand-768x227.jpg 768w, https:\/\/kine-sport-namur.be\/wp-content\/uploads\/2018\/01\/Kinesiotape_grand-1024x302.jpg 1024w, https:\/\/kine-sport-namur.be\/wp-content\/uploads\/2018\/01\/Kinesiotape_grand-418x123.jpg 418w\" sizes=\"(max-width: 1355px) 100vw, 1355px\" \/><\/a><\/p>\n","protected":false},"excerpt":{"rendered":"<p>Kin\u00e9siotape \u00a0 \u00a0 \u00a0 \u00a0 \u00a0 \u00a0 \u00a0 \u00a0 \u00a0 \u00a0\u00a0\u00a0 \u00a0 \u00a0 \u00a0 \u00a0 \u00a0 \u00a0 \u00a0 \u00a0 \u00a0\u00a0 Le kin\u00e9siotape est une technique en plein essor, compl\u00e9mentaire \u00e0 la r\u00e9\u00e9ducation et dont le but est de prolonger l\u2019action th\u00e9rapeutique au-del\u00e0 de la prise en charge. Ces bandes color\u00e9es, v\u00e9ritables stimulants ext\u00e9roceptifs, provoquent une &hellip;<\/p>\n","protected":false},"author":1,"featured_media":0,"parent":1192,"menu_order":0,"comment_status":"closed","ping_status":"closed","template":"","meta":[],"_links":{"self":[{"href":"https:\/\/kine-sport-namur.be\/index.php?rest_route=\/wp\/v2\/pages\/1108"}],"collection":[{"href":"https:\/\/kine-sport-namur.be\/index.php?rest_route=\/wp\/v2\/pages"}],"about":[{"href":"https:\/\/kine-sport-namur.be\/index.php?rest_route=\/wp\/v2\/types\/page"}],"author":[{"embeddable":true,"href":"https:\/\/kine-sport-namur.be\/index.php?rest_route=\/wp\/v2\/users\/1"}],"replies":[{"embeddable":true,"href":"https:\/\/kine-sport-namur.be\/index.php?rest_route=%2Fwp%2Fv2%2Fcomments&post=1108"}],"version-history":[{"count":5,"href":"https:\/\/kine-sport-namur.be\/index.php?rest_route=\/wp\/v2\/pages\/1108\/revisions"}],"predecessor-version":[{"id":1260,"href":"https:\/\/kine-sport-namur.be\/index.php?rest_route=\/wp\/v2\/pages\/1108\/revisions\/1260"}],"up":[{"embeddable":true,"href":"https:\/\/kine-sport-namur.be\/index.php?rest_route=\/wp\/v2\/pages\/1192"}],"wp:attachment":[{"href":"https:\/\/kine-sport-namur.be\/index.php?rest_route=%2Fwp%2Fv2%2Fmedia&parent=1108"}],"curies":[{"name":"wp","href":"https:\/\/api.w.org\/{rel}","templated":true}]}}