{"id":173,"date":"2016-11-11T08:02:58","date_gmt":"2016-11-11T07:02:58","guid":{"rendered":"http:\/\/ld-wp.template-help.com\/wordpress_61153-sample\/?page_id=173"},"modified":"2022-06-03T22:54:35","modified_gmt":"2022-06-03T20:54:35","slug":"home","status":"publish","type":"page","link":"https:\/\/kine-sport-namur.be\/","title":{"rendered":"Accueil"},"content":{"rendered":"<p>Centre de r\u00e9\u00e9ducation et de r\u00e9athl\u00e9tisation Kin\u00e9 Sport Namur\u2026 KSN est n\u00e9e d&#8217;une passion commune pour la kin\u00e9sith\u00e9rapie et le sport. Il allie dynamisme et professionnalisme regroupant une \u00e9quipe de jeunes kin\u00e9sith\u00e9rapeutes enthousiastes qui vous proposent des soins <a href=\"https:\/\/kine-sport-namur.be\/\" title=\"Read more on Accueil\" class=\"more-link\">read more<\/a><\/p>\n","protected":false},"excerpt":{"rendered":"<p>Centre de r\u00e9\u00e9ducation et de r\u00e9athl\u00e9tisation Kin\u00e9 Sport Namur\u2026 KSN est n\u00e9e d&#8217;une passion commune pour la kin\u00e9sith\u00e9rapie et le sport. Il allie dynamisme et professionnalisme regroupant une \u00e9quipe de jeunes kin\u00e9sith\u00e9rapeutes enthousiastes qui vous proposent des soins read more<\/p>\n","protected":false},"author":2,"featured_media":0,"parent":0,"menu_order":0,"comment_status":"closed","ping_status":"closed","template":"","meta":[],"_links":{"self":[{"href":"https:\/\/kine-sport-namur.be\/index.php?rest_route=\/wp\/v2\/pages\/173"}],"collection":[{"href":"https:\/\/kine-sport-namur.be\/index.php?rest_route=\/wp\/v2\/pages"}],"about":[{"href":"https:\/\/kine-sport-namur.be\/index.php?rest_route=\/wp\/v2\/types\/page"}],"author":[{"embeddable":true,"href":"https:\/\/kine-sport-namur.be\/index.php?rest_route=\/wp\/v2\/users\/2"}],"replies":[{"embeddable":true,"href":"https:\/\/kine-sport-namur.be\/index.php?rest_route=%2Fwp%2Fv2%2Fcomments&post=173"}],"version-history":[{"count":107,"href":"https:\/\/kine-sport-namur.be\/index.php?rest_route=\/wp\/v2\/pages\/173\/revisions"}],"predecessor-version":[{"id":1626,"href":"https:\/\/kine-sport-namur.be\/index.php?rest_route=\/wp\/v2\/pages\/173\/revisions\/1626"}],"wp:attachment":[{"href":"https:\/\/kine-sport-namur.be\/index.php?rest_route=%2Fwp%2Fv2%2Fmedia&parent=173"}],"curies":[{"name":"wp","href":"https:\/\/api.w.org\/{rel}","templated":true}]}}